ose 5*w = 5*r + 16 + 19, -r = 4*w - 38. Calculate the highest common divisor of w and 15.
3
Let x = -49 - -79. Suppose -3*t + 6 + 3 = 0. Suppose 45 = m + 2*m + t*h, -4*m + 55 = 5*h. What is the greatest common factor of x and m?
10
Suppose 5*y = -4*d + 726, -d - 3*y = 2*y - 174. Calculate the greatest common divisor of 32 and d.
8
Suppose -6*t - 5*s = -2*t, -5*s - 35 = -3*t. What is the greatest common divisor of t and 135?
5
Suppose 0 = 2510*s - 2481*s - 2030. Suppose -y - 1 = -11. What is the greatest common factor of s and y?
10
Let w = 836 + -1179. Let i = 631 + w. Calculate the highest common divisor of 36 and i.
36
Suppose 0 = -3*t - 6, -4*o + 18*t = 14*t - 12. Calculate the highest common divisor of 6 and o.
1
Suppose -4*g + k = -2*k - 17, 5*k + 7 = 4*g. Let t be (-6)/2 - (0 + -131). Suppose 0 = x + x - t. Calculate the highest common factor of g and x.
8
Let p(h) = -2*h**2 - 42*h - 13. Let a be p(-11). What is the highest common divisor of 9 and a?
9
Suppose 6*z - 8*z = -8. Suppose 5*d - z*a + 65 = -5, -d + 2*a = 14. Let h = d - -25. What is the highest common divisor of h and 121?
11
Let k be (-15 + (6 - -11))*(4 - 1). Calculate the highest common factor of k and 186.
6
Let c = -4 + 6. Let n = -12 + 27. Let z(f) = f**2 - 12*f - 27. Let m be z(n). Calculate the greatest common factor of m and c.
2
Let g(m) = m**2 + 5*m - 4. Let f be g(-6). Suppose -2 = -2*y + 2. Suppose 6*s - 2*s + 12 = 4*l, -y = 2*s. Calculate the highest common divisor of f and l.
2
Let j = -231 + 253. Suppose 259 = 5*p - 4*f, -4*f + 169 = 3*p - 3*f. What is the highest common divisor of p and j?
11
Let o(h) = -h**2 + 9*h - 14. Let i be o(6). Calculate the highest common divisor of i and 52.
4
Let o(s) = -s**3 - 6*s**2 - 4*s - 9. Let p be -1*(4 + 8/4). Let d be o(p). Suppose -3*k + 8 = -172. What is the greatest common factor of k and d?
15
Let v be 12/6 + (-4)/((-2)/1). Calculate the highest common factor of v and 18.
2
Let a be (10 - (-6 + 3))*(228 - 9). Calculate the greatest common factor of 146 and a.
73
Suppose 384 = -3*u + 864. What is the highest common factor of 20 and u?
20
Let q(g) = g**3 - g**2 - g - 7. Let j be q(5). What is the highest common divisor of j and 11?
11
Suppose c + 0*c = 5. Suppose -c = i - 2*j, 4*i = -3*j - 7 - 2. Let p = i + 11. Calculate the highest common divisor of p and 32.
8
Let b = 32 - 23. Suppose 0*d = d - b. Let z be (504/27)/(1/d). What is the greatest common factor of 24 and z?
24
Suppose q + 77 = 301. Calculate the highest common factor of 128 and q.
32
Let u(o) be the second derivative of 31*o**3/6 - 3*o**2 + 15*o. Suppose 33 = 3*x + 9. Let l be u(x). Calculate the highest common divisor of l and 22.
22
Let n = -14 + 157. Calculate the greatest common factor of 22 and n.
11
Suppose -2*o = -4*k + 22, 0*o - 27 = o + 2*k. Let d be -1 - (2/(-1) + o). Let n = -171 + 179. What is the greatest common divisor of n and d?
4
Let n be (-12)/10 + (-1681)/(-205). Let b(o) = 7*o - 7. Let c be b(6). What is the highest common divisor of n and c?
7
Let i = 3921 - 2706. Calculate the greatest common divisor of i and 15.
15
Let x = -511 - -2863. What is the highest common divisor of 98 and x?
98
Suppose -5*a + 4*p + 64 = -161, -4*a + 159 = p. Let i = -30 + a. What is the greatest common factor of 121 and i?
11
Suppose 0 = 9*d - 6*d - 6. Suppose 3*g - 317 = -d*m, -2*m - 3*g + 320 = g. What is the greatest common divisor of m and 14?
14
Let a = 534 + -522. What is the greatest common divisor of a and 36?
12
Let a(k) be the third derivative of -k**6/120 - k**5/10 - 7*k**4/24 - 2*k**3/3 - 32*k**2. Let f be a(-5). Calculate the highest common factor of 3 and f.
3
Suppose -9*r + 4*r = -5. Let l be (3 - r) + 0 - -66. Suppose c = -c - v + 180, c - 5*v - l = 0. What is the highest common factor of 11 and c?
11
Let m(v) = -16*v + 24. Let b be m(-5). Suppose 5*l - 290 = -2*g - b, 4*g = -l + 48. What is the greatest common factor of 54 and l?
18
Let d be -2*(-164)/(-32)*120/(-2). What is the greatest common factor of d and 15?
15
Let w(k) = -2*k**3 - 3*k**2 - 2*k - 7. Let x be w(-3). Calculate the greatest common factor of x and 234.
26
Let h(t) be the second derivative of t**5/20 + t**4/4 + t**2/2 - 22*t. Let i be h(-3). Calculate the highest common factor of 1 and i.
1
Let y be (-66286)/(-330) - 2/(-15). What is the highest common divisor of y and 134?
67
Let y = -1899 + 2969. What is the highest common factor of 40 and y?
10
Let b(q) = q**2 - 55. Suppose 5*p - 21 + 81 = -4*u, -u = -5*p - 10. Let c be b(u). Calculate the highest common factor of 5 and c.
5
Let w(y) = 8*y - 51. Let v be w(15). Let z = v - 32. Calculate the highest common factor of z and 148.
37
Let a = -44 - -580. Calculate the highest common divisor of 67 and a.
67
Let y(b) = b**3 + 21*b**2 + 20*b + 26. Let l be y(-20). Let i be 13 - (-3 - (-3 + 3)). Suppose -t = -i + 3. Calculate the highest common factor of l and t.
13
Suppose -2*m + 240 = -6*m. Let k be (m/14)/(2 + 282/(-140)). What is the greatest common divisor of 30 and k?
30
Let n = 29 + -15. Let q be (-1581)/(-45) + 16/(-120). Suppose -5*h + q + 70 = 0. What is the greatest common divisor of h and n?
7
Let t be ((-308)/10)/(60/(-150)). Let a(x) = x**3 - x**2 - x + 22. Let s be a(0). What is the highest common divisor of t and s?
11
Let q(z) = 4*z - 1. Let j be q(10). Let h = j - -11. What is the greatest common factor of 75 and h?
25
Suppose 0 = -4*w - 16*t + 13*t + 1, 5*w + 3*t = 5. Let r = -1 - -7. What is the highest common factor of r and w?
2
Let w(b) = -b**3 + 9*b**2 - 2*b + 5. Let j be w(6). Let u = j - 47. What is the highest common divisor of u and 6?
6
Suppose -18*x = -201 - 195. What is the greatest common divisor of x and 1320?
22
Let l = 612 + -572. What is the highest common divisor of l and 64?
8
Let c be (8/(-6))/((-41)/369). What is the highest common divisor of c and 1956?
12
Suppose -15*f = 31*f - 2024. What is the greatest common divisor of f and 11?
11
Suppose -3*v + 104 = -4*i, -i = 4*v + 38 - 183. Calculate the highest common divisor of v and 4.
4
Let j be (-104)/(-78) + (-244)/(-6). Calculate the highest common divisor of 98 and j.
14
Suppose -2*v - 3*i = -0*i - 104, 70 = v - 3*i. Calculate the highest common divisor of 29 and v.
29
Let t(r) = r**3 - 4*r**2 + 7*r - 51. Let k be t(5). Calculate the highest common divisor of k and 1233.
9
Let o(u) = 18*u**2 + u - 1. Let q be o(1). Let h be 103/(-2266) - 7130/(-44). Calculate the greatest common divisor of h and q.
18
Let b(d) = -d**2 + d + 6. Let t be b(0). Suppose -120 = -4*s + t*s. Let i = s - -96. Calculate the highest common factor of 36 and i.
36
Suppose -4*t + 0*t = -192. Let i be 160/t*(-1 + 4). Let g be (140/6)/((-1)/(-3)). Calculate the greatest common divisor of g and i.
10
Let n(q) = -q + 2. Let x be n(-2). Suppose -63 = -x*s + s. What is the highest common divisor of s and 14?
7
Let b(w) = 5*w**2 + 8*w + 1. Let x be b(-2). Suppose 25 = y - 5*f, -4*y - x*f + f = -124. What is the highest common factor of 50 and y?
10
Let h = -1807 - -3123. Suppose -3*d - 3*s = -0*s - 969, -4*d = -4*s - h. Suppose -86 = 2*n - d. What is the greatest common divisor of 12 and n?
12
Let y = -7 - -18. Let a(h) = -h + 13. Let l be a(y). Suppose 0 = -3*o + l*i + 149, -3*o - i = -0*o - 155. What is the highest common divisor of 17 and o?
17
Let s = 41 - 23. Let r be s/30 - (-47)/5. Calculate the highest common divisor of 10 and r.
10
Let g be 4/6 - (-368)/(-12). Let s be 3*-2*g/4. Let c = 13 - 4. What is the greatest common divisor of c and s?
9
Let y = 1 - -6. Let x(p) = -53*p**3 + 4*p**2 + 7*p + 6. Let g be x(-1). What is the greatest common factor of g and y?
7
Let m be (-8)/40 - 1442/(-10). Let j be -2 - -18 - (8 - 10). Calculate the greatest common factor of j and m.
18
Suppose -17*g + 112 = -g. What is the highest common factor of 77 and g?
7
Let u be -3*(2032/(-12))/4. Let m be (u + 1)/(-6 - -8). What is the greatest common factor of 16 and m?
16
Let j(l) = -l**3 - 9*l**2 + 3*l + 10. Let m be j(-10). Let p be (-2)/(-8) + (-5)/(m/(-812)). Calculate the greatest common factor of p and 357.
51
Suppose 88*c + 860 = 90*c. Calculate the highest common factor of 10 and c.
10
Let i be 35 - (-1)/(-3)*6. Calculate the highest common divisor of i and 308.
11
Let p be 35